 digit of 2220?
2
What is the units digit of 2320?
0
What is the thousands digit of 5385?
5
What is the tens digit of 94705?
0
What is the tens digit of 630?
3
What is the tens digit of 2797?
9
What is the units digit of 291?
1
What is the units digit of 1031?
1
What is the thousands digit of 16940?
6
What is the units digit of 5394?
4
What is the hundreds digit of 1108?
1
What is the thousands digit of 62704?
2
What is the units digit of 510?
0
What is the hundreds digit of 3667?
6
What is the units digit of 42622?
2
What is the hundreds digit of 3100?
1
What is the units digit of 127222?
2
What is the units digit of 1803?
3
What is the tens digit of 992?
9
What is the hundreds digit of 2009?
0
What is the units digit of 824?
4
What is the thousands digit of 27038?
7
What is the tens digit of 7175?
7
What is the units digit of 18006?
6
What is the units digit of 1405?
5
What is the hundreds digit of 1132?
1
What is the units digit of 63227?
7
What is the thousands digit of 27558?
7
What is the hundreds digit of 2139?
1
What is the hundreds digit of 3583?
5
What is the hundreds digit of 60637?
6
What is the thousands digit of 1036?
1
What is the ten thousands digit of 11236?
1
What is the units digit of 9885?
5
What is the tens digit of 10573?
7
What is the thousands digit of 5067?
5
What is the tens digit of 476?
7
What is the units digit of 92334?
4
What is the hundreds digit of 16839?
8
What is the hundreds digit of 3390?
3
What is the tens digit of 464?
6
What is the units digit of 29377?
7
What is the thousands digit of 1198?
1
What is the units digit of 3925?
5
What is the tens digit of 116?
1
What is the hundreds digit of 4082?
0
What is the ten thousands digit of 55562?
5
What is the tens digit of 1320?
2
What is the thousands digit of 1684?
1
What is the hundreds digit of 19671?
6
What is the units digit of 1823?
3
What is the units digit of 23574?
4
What is the hundreds digit of 66574?
5
What is the units digit of 795?
5
What is the units digit of 17093?
3
What is the units digit of 19076?
6
What is the hundreds digit of 7638?
6
What is the hundreds digit of 2142?
1
What is the thousands digit of 9562?
9
What is the tens digit of 19078?
7
What is the tens digit of 25455?
5
What is the thousands digit of 12903?
2
What is the tens digit of 896?
9
What is the units digit of 4388?
8
What is the hundreds digit of 295?
2
What is the units digit of 3082?
2
What is the tens digit of 991?
9
What is the hundreds digit of 1377?
3
What is the tens digit of 1144?
4
What is the thousands digit of 12054?
2
What is the thousands digit of 5252?
5
What is the hundreds digit of 4238?
2
What is the ten thousands digit of 12625?
1
What is the hundreds digit of 251?
2
What is the ten thousands digit of 10001?
1
What is the tens digit of 22307?
0
What is the hundreds digit of 5340?
3
What is the tens digit of 1666?
6
What is the tens digit of 2308?
0
What is the thousands digit of 4848?
4
What is the tens digit of 39947?
4
What is the thousands digit of 15940?
5
What is the tens digit of 999?
9
What is the hundreds digit of 53176?
1
What is the units digit of 420?
0
What is the hundreds digit of 264?
2
What is the hundreds digit of 11969?
9
What is the hundreds digit of 444?
4
What is the units digit of 2051?
1
What is the thousands digit of 1829?
1
What is the thousands digit of 1628?
1
What is the ten thousands digit of 31175?
3
What is the thousands digit of 6549?
6
What is the units digit of 1479?
9
What is the thousands digit of 6533?
6
What is the tens digit of 14?
1
What is the hundreds digit of 4329?
3
What is the thousands digit of 32522?
2
What is the hundreds digit of 412?
4
What is the thousands digit of 3638?
3
What is the tens digit of 9989?
8
What is the tens digit of 8707?
0
What is the thousands digit of 6399?
6
What is the thousands digit of 14421?
4
What is the units digit of 14034?
4
What is the hundreds digit of 5115?
1
What is the units digit of 21238?
8
What is the tens digit of 253?
5
What is the hundreds digit of 940?
9
What is the hundreds digit of 30616?
6
What is the hundreds digit of 47058?
0
What is the tens digit of 703?
0
What is the thousands digit of 41790?
1
What is the thousands digit of 61909?
1
What is the thousands digit of 3011?
3
What is the tens digit of 463?
6
What is the hundreds digit of 99352?
3
What is the thousands digit of 2433?
2
What is the tens digit of 5335?
3
What is the thousands digit of 25122?
5
What is the hundreds digit of 1215?
2
What is the tens digit of 25282?
8
What is the thousands digit of 1845?
1
What is the hundreds digit of 108?
1
What is the hundreds digit of 2515?
5
What is the units digit of 187154?
4
What is the thousands digit of 1095?
1
What is the tens digit of 295?
9
What is the hundreds digit of 23290?
2
What is the thousands digit of 1490?
1
What is the units digit of 477?
7
What is the units digit of 16072?
2
What is the hundreds digit of 1547?
5
What is the ten thousands digit of 36308?
3
What is the units digit of 128227?
7
What is the tens digit of 69007?
0
What is the hundreds digit of 49652?
6
What is the units digit of 63400?
0
What is the tens digit of 1733?
3
What is the thousands digit of 44760?
4
What is the units digit of 4243?
3
What is the thousands digit of 2074?
2
What is the hundreds digit of 3111?
1
What is the thousands digit of 17855?
7
What is the ten thousands digit of 37583?
3
What is the hundreds digit of 17369?
3
What is the tens digit of 1132?
3
What is the units digit of 1048?
8
What is the thousands digit of 8743?
8
What is the ten thousands digit of 62693?
6
What is the tens digit of 3572?
7
What is the hundreds digit of 9577?
5
What is the tens digit of 476?
7
What is the ten thousands digit of 21636?
2
What is the hundreds digit of 40937?
9
What is the hundreds digit of 1376?
3
What is the units digit of 150?
0
What is the units digit of 1191?
1
What is the thousands digit of 57796?
7
What is the units digit of 11145?
5
What is the tens digit of 263?
6
What is the tens digit of 891?
9
What is the tens digit of 464?
6
What is the thousands digit of 1796?
1
What is the hundreds digit of 3792?
7
What is the hundreds digit of 3088?
0
What is the units digit of 1943?
3
What is the tens digit of 792?
9
What is the units digit of 414?
4
What is the units digit of 829?
9
What is the units digit of 2174?
4
What is the ten thousands digit of 26387?
2
What is the units digit of 669?
9
What is the hundreds digit of 12807?
8
What is the hundreds digit of 1269?
2
What is the hundreds digit of 823?
8
What is the tens digit of 25714?
1
What is the thousands digit of 77253?
7
What is the thousands digit of 53888?
3
What is the ten thousands digit of 11038?
1
What is the ten thousands digit of 11508?
1
What is the thousands digit of 1072?
1
What is the units digit of 1053?
3
What is the ten thousands digit of 10401?
1
What is the tens digit of 259?
5
What is the tens digit of 5772?
7
What is the thousands digit of 2069?
2
What is the units digit of 12861?
1
What is the thousands digit of 7814?
7
What is the units digit of 1232?
2
What is the thousands digit of 69538?
9
What is the tens digit of 510?
1
What is the tens digit of 1821?
2
What is the units digit of 2408?
8
What is the tens digit of 14085?
8
What is the units digit of 6187?
7
What is the thousands digit of 7315?
7
What is the tens digit of 2476?
7
What is the hundreds digit of 36769?
7
What is the tens digit of 17968?
6
What is the ten thousands digit of 72172?
7
What is the units digit of 161?
1
What is the units digit of 6922?
2
What is the units digit of 113171?
1
What is the hundreds digit of 299?
2
What is the ten thousands digit of 16209?
1
What is the ten thousands digit of 186907?
8
What is the tens digit of 259?
5
What is the units digit of 6733?
3
What is the tens digit of 2041?
4
What is the tens digit of 364?
6
What is the units digit of 181?
1
What is the units digit of 1648?
8
What is the ten thousands digit of 17130?
1
What is the hundreds digit of 126?
1
What is the tens digit of 41395?
9
What is the tens digit of 1261?
6
What is the ten thousands digit of 92491?
9
What is the hundreds digit of 1888?
8
What is the thousands digit of 1962?
1
What is the tens digit of 3698?
9
What is th